{"id":386,"date":"2015-10-05T14:07:20","date_gmt":"2015-10-05T14:07:20","guid":{"rendered":"http:\/\/66.42.78.89\/?page_id=386"},"modified":"2026-04-21T17:47:49","modified_gmt":"2026-04-21T17:47:49","slug":"adult-confirmation","status":"publish","type":"page","link":"https:\/\/hccclakestevens.org\/index.php\/adult-confirmation\/","title":{"rendered":"Adult Confirmation"},"content":{"rendered":"<p>[et_pb_section fb_built=&#8221;1&#8243; admin_label=&#8221;section&#8221; _builder_version=&#8221;4.16&#8243; global_colors_info=&#8221;{}&#8221;][et_pb_row admin_label=&#8221;row&#8221; _builder_version=&#8221;4.16&#8243; background_size=&#8221;initial&#8221; background_position=&#8221;top_left&#8221; background_repeat=&#8221;repeat&#8221; global_colors_info=&#8221;{}&#8221;][et_pb_column type=&#8221;4_4&#8243; _builder_version=&#8221;4.16&#8243; custom_padding=&#8221;|||&#8221; global_colors_info=&#8221;{}&#8221; custom_padding__hover=&#8221;|||&#8221;][et_pb_text admin_label=&#8221;Text&#8221; _builder_version=&#8221;4.27.4&#8243; background_color=&#8221;#c38611&#8243; background_size=&#8221;initial&#8221; background_position=&#8221;top_left&#8221; background_repeat=&#8221;repeat&#8221; custom_margin=&#8221;0||0|&#8221; custom_padding=&#8221;10||10|&#8221; use_border_color=&#8221;off&#8221; border_color=&#8221;#ffffff&#8221; border_style=&#8221;solid&#8221; global_colors_info=&#8221;{}&#8221;]<\/p>\n<p style=\"text-align: center;\"><span style=\"font-size: 18pt; color: #ffffff; font-family: helvetica,arial,sans-serif;\"><em>Adult Sacramental Preparation Program<\/em><\/span><\/p>\n<p>[\/et_pb_text][\/et_pb_column][\/et_pb_row][et_pb_row column_structure=&#8221;1_3,1_3,1_3&#8243; _builder_version=&#8221;4.27.4&#8243; _module_preset=&#8221;default&#8221; global_colors_info=&#8221;{}&#8221;][et_pb_column type=&#8221;1_3&#8243; _builder_version=&#8221;4.27.4&#8243; _module_preset=&#8221;default&#8221; global_colors_info=&#8221;{}&#8221;][et_pb_image src=&#8221;https:\/\/hccclakestevens.org\/wp-content\/uploads\/2025\/10\/YoungWomanConfessional5_12Stock_22_4c-scaled.jpg&#8221; title_text=&#8221;YoungWomanConfessional5_12Stock_22_4c&#8221; _builder_version=&#8221;4.27.4&#8243; _module_preset=&#8221;default&#8221; global_colors_info=&#8221;{}&#8221;][\/et_pb_image][et_pb_text _builder_version=&#8221;4.27.4&#8243; _module_preset=&#8221;default&#8221; hover_enabled=&#8221;0&#8243; global_colors_info=&#8221;{}&#8221; sticky_enabled=&#8221;0&#8243;]<\/p>\n<h1>Are you a baptized Catholic adult who has never gone to Confession?<\/h1>\n<h1>Or Baptized Catholic but never received First Communion?<\/h1>\n<h1>Or perhaps you missed receiving the Sacrament of Confirmation?<\/h1>\n<p>[\/et_pb_text][\/et_pb_column][et_pb_column type=&#8221;1_3&#8243; _builder_version=&#8221;4.27.4&#8243; _module_preset=&#8221;default&#8221; global_colors_info=&#8221;{}&#8221;][et_pb_image src=&#8221;https:\/\/hccclakestevens.org\/wp-content\/uploads\/2025\/10\/FemaleConfirmation13_26Stock_22_4c-scaled.jpg&#8221; title_text=&#8221;FemaleConfirmation13_26Stock_22_4c&#8221; _builder_version=&#8221;4.27.4&#8243; _module_preset=&#8221;default&#8221; global_colors_info=&#8221;{}&#8221;][\/et_pb_image][\/et_pb_column][et_pb_column type=&#8221;1_3&#8243; _builder_version=&#8221;4.27.4&#8243; _module_preset=&#8221;default&#8221; global_colors_info=&#8221;{}&#8221;][et_pb_image src=&#8221;https:\/\/hccclakestevens.org\/wp-content\/uploads\/2025\/10\/Communion4_6Stock_22_4c-scaled.jpg&#8221; title_text=&#8221;Communion4_6Stock_22_4c&#8221; _builder_version=&#8221;4.27.4&#8243; _module_preset=&#8221;default&#8221; global_colors_info=&#8221;{}&#8221;][\/et_pb_image][et_pb_text _builder_version=&#8221;4.27.4&#8243; _module_preset=&#8221;default&#8221; global_colors_info=&#8221;{}&#8221;]<\/p>\n<h1>If you are ready to take a step forward in your Catholic Faith,\u00a0Sacrament preparation for Adults is available!<\/h1>\n<p>[\/et_pb_text][\/et_pb_column][\/et_pb_row][et_pb_row column_structure=&#8221;1_2,1_2&#8243; _builder_version=&#8221;4.27.4&#8243; global_colors_info=&#8221;{}&#8221;][et_pb_column type=&#8221;1_2&#8243; _builder_version=&#8221;4.16&#8243; global_colors_info=&#8221;{}&#8221;][et_pb_text _builder_version=&#8221;4.27.4&#8243; custom_padding=&#8221;1px|||||&#8221; global_colors_info=&#8221;{}&#8221;]<\/p>\n<h2><strong>Confirmation Preparation for Adults<\/strong><\/h2>\n<p><span style=\"font-size: 15px;\">A fully initiated Catholic has received the sacraments of Baptism, Eucharist and Confirmation. If you are an adult Catholic who hasn&#8217;t yet received the sacrament of Confirmation, an upcoming Adult Confirmation class may interest you. This is an opportunity to fan into flame the gift of the Holy Spirit that you have already received at your baptism and to deepen your faith.\u00a0<\/span><span style=\"font-size: 15px;\">Preparation for Baptized Catholic adults who have not received First Communion is also available. <\/span><\/p>\n<p><strong><span style=\"font-size: 15px;\">Preparation for the Sacrament of Matrimony (Catholic marriage) will be required to completed before recieving First Communion or Confirmation if you are an adult who has not completed the Sacraments of Initiation and are currently in a civil marriage or in a domestic partnership without marriage. Please talk to the Pastoral Assistant for Faith Formation for more information about individual readiness for the Sacraments.\u00a0<\/span><\/strong><span style=\"font-size: 15px;\"><\/span><\/p>\n<p>[\/et_pb_text][\/et_pb_column][et_pb_column type=&#8221;1_2&#8243; _builder_version=&#8221;4.16&#8243; global_colors_info=&#8221;{}&#8221;][et_pb_text _builder_version=&#8221;4.27.4&#8243; global_colors_info=&#8221;{}&#8221;]<\/p>\n<h2><span style=\"font-size: x-large;\"><strong style=\"color: #333333;\">Preparaci\u00f3n de confirmaci\u00f3n para adultos<\/strong><\/span><\/h2>\n<p><span style=\"font-size: 15px;\">Un cat\u00f3lico totalmente iniciado ha recibido los sacramentos del bautismo, la eucarist\u00eda y la confirmaci\u00f3n. Si usted es un cat\u00f3lico adulto que a\u00fan no ha recibido el sacramento de la Confirmaci\u00f3n, una pr\u00f3xima clase de Confirmaci\u00f3n para adultos puede interesarle. Esta es una oportunidad para avivar el don del Esp\u00edritu Santo que ya has recibido en tu bautismo y para profundizar tu fe.\u00a0<\/span><span style=\"font-size: 15px;\">Tambi\u00e9n est\u00e1 disponible la preparaci\u00f3n para adultos cat\u00f3licos bautizados que no han recibido la Primera Comuni\u00f3n.<\/span><strong><span style=\"font-size: 15px;\"><\/span><\/strong><\/p>\n<p><strong><span style=\"font-size: 15px;\">Se requerir\u00e1 completar la preparaci\u00f3n para el Sacramento del Matrimonio (matrimonio cat\u00f3lico) antes de recibir la Primera Comuni\u00f3n o la Confirmaci\u00f3n, en caso de ser un adulto que no ha completado los Sacramentos de Iniciaci\u00f3n y que actualmente se encuentra en un matrimonio civil o en una uni\u00f3n de hecho sin matrimonio. Por favor, hable con el Asistente Pastoral de Formaci\u00f3n en la Fe para obtener m\u00e1s informaci\u00f3n sobre la preparaci\u00f3n individual para los Sacramentos.<\/span><\/strong><\/p>\n<p>[\/et_pb_text][\/et_pb_column][\/et_pb_row][et_pb_row _builder_version=&#8221;4.16&#8243; _module_preset=&#8221;default&#8221; global_colors_info=&#8221;{}&#8221;][et_pb_column type=&#8221;4_4&#8243; _builder_version=&#8221;4.16&#8243; _module_preset=&#8221;default&#8221; global_colors_info=&#8221;{}&#8221;][et_pb_text _builder_version=&#8221;4.27.4&#8243; _module_preset=&#8221;default&#8221; custom_padding=&#8221;|||18px||&#8221; global_colors_info=&#8221;{}&#8221;]<\/p>\n<p><span style=\"font-size: 15px;\"><\/span><\/p>\n<p style=\"text-align: center;\"><span style=\"font-size: x-large; font-family: inherit; font-weight: normal; color: #000000;\">If you are over 18 years old and have an interest in preparing for the Sacraments in the coming year, contact the Parish Office at 360-691-2636 or paff@hccclakestevens.org<\/span><\/p>\n<p style=\"text-align: center;\"><span style=\"font-size: x-large; font-family: inherit; font-weight: normal; color: #000000;\">Si tiene m\u00e1s de 18 a\u00f1os y est\u00e1 interesado en prepararse para los Sacramentos en el pr\u00f3ximo a\u00f1o, comun\u00edquese con Oficina Parroquial al 360-691-2636 o paff@hccclakestevens.org<\/span><\/p>\n<p>[\/et_pb_text][\/et_pb_column][\/et_pb_row][\/et_pb_section]<\/p>\n","protected":false},"excerpt":{"rendered":"<p>Adult Sacramental Preparation ProgramAre you a baptized Catholic adult who has never gone to Confession? Or Baptized Catholic but never received First Communion? Or perhaps you missed receiving the Sacrament of Confirmation?If you are ready to take a step forward in your Catholic Faith,\u00a0Sacrament preparation for Adults is available!Confirmation Preparation for Adults A fully initiated [&hellip;]<\/p>\n","protected":false},"author":2,"featured_media":0,"parent":0,"menu_order":0,"comment_status":"closed","ping_status":"closed","template":"","meta":{"_et_pb_use_builder":"on","_et_pb_old_content":"","_et_gb_content_width":"","footnotes":""},"class_list":["post-386","page","type-page","status-publish","hentry"],"_links":{"self":[{"href":"https:\/\/hccclakestevens.org\/index.php\/wp-json\/wp\/v2\/pages\/386","targetHints":{"allow":["GET"]}}],"collection":[{"href":"https:\/\/hccclakestevens.org\/index.php\/wp-json\/wp\/v2\/pages"}],"about":[{"href":"https:\/\/hccclakestevens.org\/index.php\/wp-json\/wp\/v2\/types\/page"}],"author":[{"embeddable":true,"href":"https:\/\/hccclakestevens.org\/index.php\/wp-json\/wp\/v2\/users\/2"}],"replies":[{"embeddable":true,"href":"https:\/\/hccclakestevens.org\/index.php\/wp-json\/wp\/v2\/comments?post=386"}],"version-history":[{"count":85,"href":"https:\/\/hccclakestevens.org\/index.php\/wp-json\/wp\/v2\/pages\/386\/revisions"}],"predecessor-version":[{"id":6765,"href":"https:\/\/hccclakestevens.org\/index.php\/wp-json\/wp\/v2\/pages\/386\/revisions\/6765"}],"wp:attachment":[{"href":"https:\/\/hccclakestevens.org\/index.php\/wp-json\/wp\/v2\/media?parent=386"}],"curies":[{"name":"wp","href":"https:\/\/api.w.org\/{rel}","templated":true}]}}