{"id":107,"date":"2015-07-26T13:12:13","date_gmt":"2015-07-26T13:12:13","guid":{"rendered":"http:\/\/66.42.78.89\/?page_id=107"},"modified":"2026-04-21T17:34:28","modified_gmt":"2026-04-21T17:34:28","slug":"children","status":"publish","type":"page","link":"https:\/\/hccclakestevens.org\/index.php\/children\/","title":{"rendered":"First Communion"},"content":{"rendered":"<p>[et_pb_section fb_built=&#8221;1&#8243; admin_label=&#8221;section&#8221; _builder_version=&#8221;4.16&#8243; global_colors_info=&#8221;{}&#8221;][et_pb_row padding_mobile=&#8221;off&#8221; admin_label=&#8221;row&#8221; _builder_version=&#8221;4.16&#8243; background_size=&#8221;initial&#8221; background_position=&#8221;top_left&#8221; background_repeat=&#8221;repeat&#8221; custom_padding=&#8221;0|0&#8243; border_color_all=&#8221;rgba(0,0,0,0)&#8221; global_colors_info=&#8221;{}&#8221;][et_pb_column type=&#8221;4_4&#8243; _builder_version=&#8221;4.16&#8243; custom_padding=&#8221;|||&#8221; global_colors_info=&#8221;{}&#8221; custom_padding__hover=&#8221;|||&#8221;][et_pb_text _builder_version=&#8221;4.16&#8243; background_color=&#8221;#c38611&#8243; background_size=&#8221;initial&#8221; background_position=&#8221;top_left&#8221; background_repeat=&#8221;repeat&#8221; custom_margin=&#8221;0||0|&#8221; custom_padding=&#8221;10||10|&#8221; border_color_all=&#8221;rgba(0,0,0,0)&#8221; border_style_all=&#8221;solid&#8221; use_border_color=&#8221;on&#8221; border_color=&#8221;#c9c9c9&#8243; border_width=&#8221;6px&#8221; border_style=&#8221;solid&#8221; global_colors_info=&#8221;{}&#8221;]<\/p>\n<p style=\"text-align: center;\"><span style=\"font-family: helvetica,arial,sans-serif; color: #ffffff;\"><em><span style=\"font-size: 18pt;\">Children&#8217;s Religious Education Program <\/span><\/em><\/span><\/p>\n<p>[\/et_pb_text][\/et_pb_column][\/et_pb_row][et_pb_row _builder_version=&#8221;4.16&#8243; _module_preset=&#8221;default&#8221; global_colors_info=&#8221;{}&#8221;][et_pb_column type=&#8221;4_4&#8243; _builder_version=&#8221;4.16&#8243; _module_preset=&#8221;default&#8221; global_colors_info=&#8221;{}&#8221;][et_pb_text _builder_version=&#8221;4.27.4&#8243; _module_preset=&#8221;default&#8221; global_colors_info=&#8221;{}&#8221;]<\/p>\n<h3 style=\"text-align: center;\"><\/h3>\n<h3 style=\"text-align: center;\">\u00a0We start registrations for next year&#8217;s class on June 1, 2026.<\/h3>\n<p><strong><\/strong><\/p>\n<p>[\/et_pb_text][\/et_pb_column][\/et_pb_row][et_pb_row column_structure=&#8221;1_2,1_2&#8243; _builder_version=&#8221;4.16&#8243; global_colors_info=&#8221;{}&#8221;][et_pb_column type=&#8221;1_2&#8243; _builder_version=&#8221;4.16&#8243; global_colors_info=&#8221;{}&#8221;][et_pb_text _builder_version=&#8221;4.16&#8243; global_colors_info=&#8221;{}&#8221;]<\/p>\n<h1><b><span size=\"6\" color=\"#0b5394\">First Communion Preparation<\/span><\/b><\/h1>\n<div>\n<p><span style=\"color: #e02b20;\"><b><span size=\"4\" color=\"#0b5394\">Registration opens June 1, 2026<\/span><\/b><\/span><\/p>\n<ul>\n<li><span>The normal age of First Communion is 7 years old <strong>and<\/strong> in\u00a02nd grade in school.<\/span><\/li>\n<li><span>First Communion must be preceded by First Reconciliation (Confession)\u00a0<\/span><\/li>\n<li><i>Questions? Contact LeeAnn Balbirona, Pastoral Assistant for Faith Formation,\u00a0360-691-2636,\u00a0<span style=\"text-decoration: underline;\"><a href=\"mailto:youth@hccclakestevens.org\" target=\"_blank\" rel=\"noopener noreferrer\">PAFF@hccclakestevens.org<\/a><\/span><\/i><\/li>\n<\/ul>\n<\/div>\n<p>[\/et_pb_text][et_pb_text _builder_version=&#8221;4.16&#8243; global_colors_info=&#8221;{}&#8221;]<\/p>\n<div>\n<p><span><i><\/i><\/span><\/p>\n<p><span><i><\/i><\/span><\/p>\n<\/div>\n<div><span><b><span size=\"4\" color=\"#073763\">Preparaci\u00f3n para la primera comuni\u00f3n y educaci\u00f3n religiosa para ni\u00f1os&nbsp;<\/span><\/b><\/span><\/div>\n<div>\n<p><b><span size=\"4\" color=\"#073763\">La inscripci\u00f3n es los domingos despues de la misa<\/span><\/b><\/p>\n<p><b><span size=\"4\" color=\"#073763\"><\/span><\/b><\/p>\n<ul>\n<li><span>La edad normal para la Primera Comuni\u00f3n es a los 7 a\u00f1os <strong>y<\/strong> en 2\u00ba de primaria.<\/span><\/li>\n<li><span>La Primera Comuni\u00f3n debe ser precedida por la Primera Reconciliaci\u00f3n (Confesi\u00f3n)<\/span><\/li>\n<li><i><span color=\"#073763\">Preguntas en espa\u00f1ol? Contacte a Alicia Ramirez, Administradora de la Parroquia al 360-691-2636&nbsp; <\/span><\/i><\/li>\n<\/ul>\n<\/div>\n<p>[\/et_pb_text][\/et_pb_column][et_pb_column type=&#8221;1_2&#8243; _builder_version=&#8221;4.16&#8243; global_colors_info=&#8221;{}&#8221;][et_pb_image src=&#8221;https:\/\/hccclakestevens.org\/wp-content\/uploads\/2025\/10\/500276744_10171906679950691_669901400736499428_n.jpg&#8221; title_text=&#8221;500276744_10171906679950691_669901400736499428_n&#8221; _builder_version=&#8221;4.27.4&#8243; _module_preset=&#8221;default&#8221; global_colors_info=&#8221;{}&#8221;][\/et_pb_image][\/et_pb_column][\/et_pb_row][et_pb_row column_structure=&#8221;1_3,1_3,1_3&#8243; _builder_version=&#8221;4.27.4&#8243; _module_preset=&#8221;default&#8221; global_colors_info=&#8221;{}&#8221;][et_pb_column type=&#8221;1_3&#8243; _builder_version=&#8221;4.27.4&#8243; _module_preset=&#8221;default&#8221; global_colors_info=&#8221;{}&#8221;][et_pb_image src=&#8221;https:\/\/hccclakestevens.org\/wp-content\/uploads\/2025\/10\/2025-group-1.jpg&#8221; title_text=&#8221;2025 group 1&#8243; _builder_version=&#8221;4.27.4&#8243; _module_preset=&#8221;default&#8221; global_colors_info=&#8221;{}&#8221;][\/et_pb_image][\/et_pb_column][et_pb_column type=&#8221;1_3&#8243; _builder_version=&#8221;4.27.4&#8243; _module_preset=&#8221;default&#8221; global_colors_info=&#8221;{}&#8221;][et_pb_image src=&#8221;https:\/\/hccclakestevens.org\/wp-content\/uploads\/2025\/10\/2025-group-2.jpg&#8221; title_text=&#8221;2025 group 2&#8243; _builder_version=&#8221;4.27.4&#8243; _module_preset=&#8221;default&#8221; global_colors_info=&#8221;{}&#8221;][\/et_pb_image][\/et_pb_column][et_pb_column type=&#8221;1_3&#8243; _builder_version=&#8221;4.27.4&#8243; _module_preset=&#8221;default&#8221; global_colors_info=&#8221;{}&#8221;][et_pb_image src=&#8221;https:\/\/hccclakestevens.org\/wp-content\/uploads\/2025\/10\/2025-group-3.jpg&#8221; title_text=&#8221;2025 group 3&#8243; _builder_version=&#8221;4.27.4&#8243; _module_preset=&#8221;default&#8221; global_colors_info=&#8221;{}&#8221;][\/et_pb_image][\/et_pb_column][\/et_pb_row][et_pb_row column_structure=&#8221;1_3,1_3,1_3&#8243; _builder_version=&#8221;4.27.4&#8243; _module_preset=&#8221;default&#8221; global_colors_info=&#8221;{}&#8221;][et_pb_column type=&#8221;1_3&#8243; _builder_version=&#8221;4.27.4&#8243; _module_preset=&#8221;default&#8221; global_colors_info=&#8221;{}&#8221;][et_pb_image src=&#8221;https:\/\/hccclakestevens.org\/wp-content\/uploads\/2025\/10\/2025-group-4.jpg&#8221; title_text=&#8221;2025 group 4&#8243; _builder_version=&#8221;4.27.4&#8243; _module_preset=&#8221;default&#8221; global_colors_info=&#8221;{}&#8221;][\/et_pb_image][\/et_pb_column][et_pb_column type=&#8221;1_3&#8243; _builder_version=&#8221;4.27.4&#8243; _module_preset=&#8221;default&#8221; global_colors_info=&#8221;{}&#8221;][et_pb_image src=&#8221;https:\/\/hccclakestevens.org\/wp-content\/uploads\/2025\/10\/491253643_10171906690640691_6913119769155061013_n.jpg&#8221; title_text=&#8221;491253643_10171906690640691_6913119769155061013_n&#8221; _builder_version=&#8221;4.27.4&#8243; _module_preset=&#8221;default&#8221; global_colors_info=&#8221;{}&#8221;][\/et_pb_image][\/et_pb_column][et_pb_column type=&#8221;1_3&#8243; _builder_version=&#8221;4.27.4&#8243; _module_preset=&#8221;default&#8221; global_colors_info=&#8221;{}&#8221;][et_pb_image src=&#8221;https:\/\/hccclakestevens.org\/wp-content\/uploads\/2025\/10\/499246464_10171906690635691_8915167891287055216_n.jpg&#8221; title_text=&#8221;499246464_10171906690635691_8915167891287055216_n&#8221; _builder_version=&#8221;4.27.4&#8243; _module_preset=&#8221;default&#8221; global_colors_info=&#8221;{}&#8221;][\/et_pb_image][\/et_pb_column][\/et_pb_row][\/et_pb_section]<\/p>\n","protected":false},"excerpt":{"rendered":"<p>Children&#8217;s Religious Education Program \u00a0We start registrations for next year&#8217;s class on June 1, 2026. First Communion Preparation Registration opens June 1, 2026 The normal age of First Communion is 7 years old and in\u00a02nd grade in school. First Communion must be preceded by First Reconciliation (Confession)\u00a0 Questions? Contact LeeAnn Balbirona, Pastoral Assistant for Faith [&hellip;]<\/p>\n","protected":false},"author":2,"featured_media":0,"parent":0,"menu_order":0,"comment_status":"open","ping_status":"open","template":"","meta":{"_et_pb_use_builder":"on","_et_pb_old_content":"","_et_gb_content_width":"","footnotes":""},"class_list":["post-107","page","type-page","status-publish","hentry"],"_links":{"self":[{"href":"https:\/\/hccclakestevens.org\/index.php\/wp-json\/wp\/v2\/pages\/107","targetHints":{"allow":["GET"]}}],"collection":[{"href":"https:\/\/hccclakestevens.org\/index.php\/wp-json\/wp\/v2\/pages"}],"about":[{"href":"https:\/\/hccclakestevens.org\/index.php\/wp-json\/wp\/v2\/types\/page"}],"author":[{"embeddable":true,"href":"https:\/\/hccclakestevens.org\/index.php\/wp-json\/wp\/v2\/users\/2"}],"replies":[{"embeddable":true,"href":"https:\/\/hccclakestevens.org\/index.php\/wp-json\/wp\/v2\/comments?post=107"}],"version-history":[{"count":199,"href":"https:\/\/hccclakestevens.org\/index.php\/wp-json\/wp\/v2\/pages\/107\/revisions"}],"predecessor-version":[{"id":6758,"href":"https:\/\/hccclakestevens.org\/index.php\/wp-json\/wp\/v2\/pages\/107\/revisions\/6758"}],"wp:attachment":[{"href":"https:\/\/hccclakestevens.org\/index.php\/wp-json\/wp\/v2\/media?parent=107"}],"curies":[{"name":"wp","href":"https:\/\/api.w.org\/{rel}","templated":true}]}}

<p>[et_pb_section fb_built=&#8221;1&#8243; admin_label=&#8221;section&#8221; _builder_version=&#8221;4.16&#8243; global_colors_info=&#8221;{}&#8221;][et_pb_row padding_mobile=&#8221;off&#8221; admin_label=&#8221;row&#8221; _builder_version=&#8221;4.16&#8243; background_size=&#8221;initial&#8221; background_position=&#8221;top_left&#8221; background_repeat=&#8221;repeat&#8221; custom_padding=&#8221;0|0&#8243; border_color_all=&#8221;rgba(0,0,0,0)&#8221; global_colors_info=&#8221;{}&#8221;][et_pb_column type=&#8221;4_4&#8243; _builder_version=&#8221;4.16&#8243; custom_padding=&#8221;|||&#8221; global_colors_info=&#8221;{}&#8221; custom_padding__hover=&#8221;|||&#8221;][et_pb_text _builder_version=&#8221;4.16&#8243; background_color=&#8221;#c38611&#8243; background_size=&#8221;initial&#8221; background_position=&#8221;top_left&#8221; background_repeat=&#8221;repeat&#8221; custom_margin=&#8221;0||0|&#8221; custom_padding=&#8221;10||10|&#8221; border_color_all=&#8221;rgba(0,0,0,0)&#8221; border_style_all=&#8221;solid&#8221; use_border_color=&#8221;on&#8221; border_color=&#8221;#c9c9c9&#8243; border_width=&#8221;6px&#8221; border_style=&#8221;solid&#8221; global_colors_info=&#8221;{}&#8221;]</p>
<p style="text-align: center;"><span style="font-family: helvetica,arial,sans-serif; color: #ffffff;"><em><span style="font-size: 18pt;">Children&#8217;s Religious Education Program </span></em></span></p>
<p>[/et_pb_text][/et_pb_column][/et_pb_row][et_pb_row _builder_version=&#8221;4.16&#8243; _module_preset=&#8221;default&#8221; global_colors_info=&#8221;{}&#8221;][et_pb_column type=&#8221;4_4&#8243; _builder_version=&#8221;4.16&#8243; _module_preset=&#8221;default&#8221; global_colors_info=&#8221;{}&#8221;][et_pb_text _builder_version=&#8221;4.27.4&#8243; _module_preset=&#8221;default&#8221; global_colors_info=&#8221;{}&#8221;]</p>
<h3 style="text-align: center;"></h3>
<h3 style="text-align: center;"> We start registrations for next year&#8217;s class on June 1, 2026.</h3>
<p><strong></strong></p>
<p>[/et_pb_text][/et_pb_column][/et_pb_row][et_pb_row column_structure=&#8221;1_2,1_2&#8243; _builder_version=&#8221;4.16&#8243; global_colors_info=&#8221;{}&#8221;][et_pb_column type=&#8221;1_2&#8243; _builder_version=&#8221;4.16&#8243; global_colors_info=&#8221;{}&#8221;][et_pb_text _builder_version=&#8221;4.16&#8243; global_colors_info=&#8221;{}&#8221;]</p>
<h1><b><span size="6" color="#0b5394">First Communion Preparation</span></b></h1>
<div>
<p><span style="color: #e02b20;"><b><span size="4" color="#0b5394">Registration opens June 1, 2026</span></b></span></p>
<ul>
<li><span>The normal age of First Communion is 7 years old <strong>and</strong> in 2nd grade in school.</span></li>
<li><span>First Communion must be preceded by First Reconciliation (Confession) </span></li>
<li><i>Questions? Contact LeeAnn Balbirona, Pastoral Assistant for Faith Formation, 360-691-2636, <span style="text-decoration: underline;"><a href="mailto:youth@hccclakestevens.org" target="_blank" rel="noopener noreferrer">PAFF@hccclakestevens.org</a></span></i></li>
</ul>
</div>
<p>[/et_pb_text][et_pb_text _builder_version=&#8221;4.16&#8243; global_colors_info=&#8221;{}&#8221;]</p>
<div>
<p><span><i></i></span></p>
<p><span><i></i></span></p>
</div>
<div><span><b><span size="4" color="#073763">Preparación para la primera comunión y educación religiosa para niños&nbsp;</span></b></span></div>
<div>
<p><b><span size="4" color="#073763">La inscripción es los domingos despues de la misa</span></b></p>
<p><b><span size="4" color="#073763"></span></b></p>
<ul>
<li><span>La edad normal para la Primera Comunión es a los 7 años <strong>y</strong> en 2º de primaria.</span></li>
<li><span>La Primera Comunión debe ser precedida por la Primera Reconciliación (Confesión)</span></li>
<li><i><span color="#073763">Preguntas en español? Contacte a Alicia Ramirez, Administradora de la Parroquia al 360-691-2636&nbsp; </span></i></li>
</ul>
</div>
<p>[/et_pb_text][/et_pb_column][et_pb_column type=&#8221;1_2&#8243; _builder_version=&#8221;4.16&#8243; global_colors_info=&#8221;{}&#8221;][et_pb_image src=&#8221;https://hccclakestevens.org/wp-content/uploads/2025/10/500276744_10171906679950691_669901400736499428_n.jpg&#8221; title_text=&#8221;500276744_10171906679950691_669901400736499428_n&#8221; _builder_version=&#8221;4.27.4&#8243; _module_preset=&#8221;default&#8221; global_colors_info=&#8221;{}&#8221;][/et_pb_image][/et_pb_column][/et_pb_row][et_pb_row column_structure=&#8221;1_3,1_3,1_3&#8243; _builder_version=&#8221;4.27.4&#8243; _module_preset=&#8221;default&#8221; global_colors_info=&#8221;{}&#8221;][et_pb_column type=&#8221;1_3&#8243; _builder_version=&#8221;4.27.4&#8243; _module_preset=&#8221;default&#8221; global_colors_info=&#8221;{}&#8221;][et_pb_image src=&#8221;https://hccclakestevens.org/wp-content/uploads/2025/10/2025-group-1.jpg&#8221; title_text=&#8221;2025 group 1&#8243; _builder_version=&#8221;4.27.4&#8243; _module_preset=&#8221;default&#8221; global_colors_info=&#8221;{}&#8221;][/et_pb_image][/et_pb_column][et_pb_column type=&#8221;1_3&#8243; _builder_version=&#8221;4.27.4&#8243; _module_preset=&#8221;default&#8221; global_colors_info=&#8221;{}&#8221;][et_pb_image src=&#8221;https://hccclakestevens.org/wp-content/uploads/2025/10/2025-group-2.jpg&#8221; title_text=&#8221;2025 group 2&#8243; _builder_version=&#8221;4.27.4&#8243; _module_preset=&#8221;default&#8221; global_colors_info=&#8221;{}&#8221;][/et_pb_image][/et_pb_column][et_pb_column type=&#8221;1_3&#8243; _builder_version=&#8221;4.27.4&#8243; _module_preset=&#8221;default&#8221; global_colors_info=&#8221;{}&#8221;][et_pb_image src=&#8221;https://hccclakestevens.org/wp-content/uploads/2025/10/2025-group-3.jpg&#8221; title_text=&#8221;2025 group 3&#8243; _builder_version=&#8221;4.27.4&#8243; _module_preset=&#8221;default&#8221; global_colors_info=&#8221;{}&#8221;][/et_pb_image][/et_pb_column][/et_pb_row][et_pb_row column_structure=&#8221;1_3,1_3,1_3&#8243; _builder_version=&#8221;4.27.4&#8243; _module_preset=&#8221;default&#8221; global_colors_info=&#8221;{}&#8221;][et_pb_column type=&#8221;1_3&#8243; _builder_version=&#8221;4.27.4&#8243; _module_preset=&#8221;default&#8221; global_colors_info=&#8221;{}&#8221;][et_pb_image src=&#8221;https://hccclakestevens.org/wp-content/uploads/2025/10/2025-group-4.jpg&#8221; title_text=&#8221;2025 group 4&#8243; _builder_version=&#8221;4.27.4&#8243; _module_preset=&#8221;default&#8221; global_colors_info=&#8221;{}&#8221;][/et_pb_image][/et_pb_column][et_pb_column type=&#8221;1_3&#8243; _builder_version=&#8221;4.27.4&#8243; _module_preset=&#8221;default&#8221; global_colors_info=&#8221;{}&#8221;][et_pb_image src=&#8221;https://hccclakestevens.org/wp-content/uploads/2025/10/491253643_10171906690640691_6913119769155061013_n.jpg&#8221; title_text=&#8221;491253643_10171906690640691_6913119769155061013_n&#8221; _builder_version=&#8221;4.27.4&#8243; _module_preset=&#8221;default&#8221; global_colors_info=&#8221;{}&#8221;][/et_pb_image][/et_pb_column][et_pb_column type=&#8221;1_3&#8243; _builder_version=&#8221;4.27.4&#8243; _module_preset=&#8221;default&#8221; global_colors_info=&#8221;{}&#8221;][et_pb_image src=&#8221;https://hccclakestevens.org/wp-content/uploads/2025/10/499246464_10171906690635691_8915167891287055216_n.jpg&#8221; title_text=&#8221;499246464_10171906690635691_8915167891287055216_n&#8221; _builder_version=&#8221;4.27.4&#8243; _module_preset=&#8221;default&#8221; global_colors_info=&#8221;{}&#8221;][/et_pb_image][/et_pb_column][/et_pb_row][/et_pb_section]</p>
