{"id":105,"date":"2015-07-26T13:11:32","date_gmt":"2015-07-26T13:11:32","guid":{"rendered":"http:\/\/66.42.78.89\/?page_id=105"},"modified":"2026-04-21T17:36:51","modified_gmt":"2026-04-21T17:36:51","slug":"rcia","status":"publish","type":"page","link":"https:\/\/hccclakestevens.org\/index.php\/rcia\/","title":{"rendered":"OCIA"},"content":{"rendered":"<p>[et_pb_section fb_built=&#8221;1&#8243; admin_label=&#8221;section&#8221; _builder_version=&#8221;4.16&#8243; global_colors_info=&#8221;{}&#8221;][et_pb_row _builder_version=&#8221;4.27.4&#8243; _module_preset=&#8221;default&#8221; global_colors_info=&#8221;{}&#8221;][et_pb_column type=&#8221;4_4&#8243; _builder_version=&#8221;4.27.4&#8243; _module_preset=&#8221;default&#8221; global_colors_info=&#8221;{}&#8221;][et_pb_image src=&#8221;https:\/\/hccclakestevens.org\/wp-content\/uploads\/2025\/10\/OCIA2_24i1_4c.jpg&#8221; title_text=&#8221;OCIA2_24i1_4c&#8221; align=&#8221;center&#8221; align_tablet=&#8221;center&#8221; align_phone=&#8221;&#8221; align_last_edited=&#8221;on|desktop&#8221; admin_label=&#8221;Image&#8221; _builder_version=&#8221;4.27.4&#8243; animation=&#8221;off&#8221; sticky=&#8221;off&#8221; use_border_color=&#8221;off&#8221; border_color=&#8221;#ffffff&#8221; border_style=&#8221;solid&#8221; always_center_on_mobile=&#8221;on&#8221; global_colors_info=&#8221;{}&#8221;] [\/et_pb_image][\/et_pb_column][\/et_pb_row][et_pb_row column_structure=&#8221;1_2,1_2&#8243; _builder_version=&#8221;4.16&#8243; global_colors_info=&#8221;{}&#8221;][et_pb_column type=&#8221;1_2&#8243; _builder_version=&#8221;4.16&#8243; global_colors_info=&#8221;{}&#8221;][et_pb_text admin_label=&#8221;Text&#8221; _builder_version=&#8221;4.27.4&#8243; background_size=&#8221;initial&#8221; background_position=&#8221;top_left&#8221; background_repeat=&#8221;repeat&#8221; use_border_color=&#8221;off&#8221; border_color=&#8221;#ffffff&#8221; border_style=&#8221;solid&#8221; global_colors_info=&#8221;{}&#8221;]<\/p>\n<h2><b>OCIA: Order of Christian Initiation of Adults<\/b><\/h2>\n<p><span style=\"font-family: helvetica, arial, sans-serif; color: #000000;\">The Order of Christian Initiation of Adults (OCIA) is a process of initiation into the Roman Catholic Community of Faith. This is for persons who are seeking baptism in the Catholic Church. It is also for those already baptized in another Christian Tradition who are seeking full communion with the Catholic Church through the Profession of Faith. Preparation for the reception of the sacraments of Confirmation and Eucharist are included.<\/span><\/p>\n<p><span style=\"font-family: helvetica, arial, sans-serif; color: #000000;\">With the support and involvement of the parish community, this interactive opportunity includes the study of the Gospels, Catholic teachings, Christian values, and the development and deepening of a life of prayer and action.<\/span><\/p>\n<p><span style=\"font-family: helvetica, arial, sans-serif; color: #000000;\">Curious about the Catholic Faith?<\/span><\/p>\n<p><span style=\"font-family: helvetica,arial,sans-serif;\"><span style=\"color: #000000;\">Please contact Carmella Barger @ 425-478-4269 or<\/span> <a href=\"mailto:adultfaith@hccclakestevens.org\">adultfaith@hccclakestevens.org<\/a><\/span><\/p>\n<p>[\/et_pb_text][et_pb_text _builder_version=&#8221;4.27.4&#8243; _module_preset=&#8221;default&#8221; global_colors_info=&#8221;{}&#8221;]<\/p>\n<h3 style=\"text-align: center;\"><span style=\"text-decoration: underline; color: #0000ff;\"><a href=\"https:\/\/hccclakestevens.org\/wp-content\/uploads\/2025\/10\/Helpful-Resources-and-Apps.pdf\" style=\"color: #0000ff; text-decoration: underline;\">OCIA Helpful Resources for Inquirers and New Catholics<\/a><\/span><\/h3>\n<p>[\/et_pb_text][\/et_pb_column][et_pb_column type=&#8221;1_2&#8243; _builder_version=&#8221;4.16&#8243; global_colors_info=&#8221;{}&#8221;][et_pb_image src=&#8221;https:\/\/hccclakestevens.org\/wp-content\/uploads\/2024\/06\/IMG_1826.jpg&#8221; title_text=&#8221;IMG_1826&#8243; _builder_version=&#8221;4.16&#8243; _module_preset=&#8221;default&#8221; global_colors_info=&#8221;{}&#8221;][\/et_pb_image][et_pb_text _builder_version=&#8221;4.16&#8243; _module_preset=&#8221;default&#8221; global_colors_info=&#8221;{}&#8221;]<\/p>\n<div class=\"et_pb_text_inner\">\n<div data-shortcode-id=\"0.1.0.0-1719162398118\" data-quickaccess-editable=\"yes\" class=\"et-fb-popover-tinymce\">\n<div class=\"mce-content-body\" contenteditable=\"true\">\n<h1 style=\"text-align: center;\"><span>Contact: OCIA Director Carmella Barger @ 425-478-4269 or <a href=\"mailto:adultfaith@hccclakestevens.org\">adultfaith@hccclakestevens.org<\/a><\/span><\/h1>\n<\/div>\n<\/div>\n<\/div>\n<p>[\/et_pb_text][\/et_pb_column][\/et_pb_row][et_pb_row _builder_version=&#8221;4.27.4&#8243; _module_preset=&#8221;default&#8221; global_colors_info=&#8221;{}&#8221;][et_pb_column type=&#8221;4_4&#8243; _builder_version=&#8221;4.27.4&#8243; _module_preset=&#8221;default&#8221; global_colors_info=&#8221;{}&#8221;][et_pb_divider _builder_version=&#8221;4.27.4&#8243; _module_preset=&#8221;default&#8221; global_colors_info=&#8221;{}&#8221;][\/et_pb_divider][\/et_pb_column][\/et_pb_row][et_pb_row column_structure=&#8221;1_2,1_2&#8243; _builder_version=&#8221;4.16&#8243; _module_preset=&#8221;default&#8221; global_colors_info=&#8221;{}&#8221;][et_pb_column type=&#8221;1_2&#8243; _builder_version=&#8221;4.16&#8243; _module_preset=&#8221;default&#8221; global_colors_info=&#8221;{}&#8221;][et_pb_text _builder_version=&#8221;4.16&#8243; _module_preset=&#8221;default&#8221; global_colors_info=&#8221;{}&#8221;]<\/p>\n<div>\n<h1><b>OCIA for Children &amp; Youth<\/b><\/h1>\n<p><b><span size=\"6\" color=\"#0b5394\"><\/span><\/b><\/p>\n<\/div>\n<p>This program is for young people aged 7-17 who have not yet been baptized and wish to become Catholic.<\/p>\n<p>The program will be on SATURDAYS from 2-4 pm and will include preparation for Baptism, Confirmation and First Communion.<\/p>\n<p>Call LeeAnn or Alicia in the parish office for more information.\u00a0<\/p>\n<p>&nbsp;<\/p>\n<p><strong>OCIA (La Orden de Iniciaci\u00f3n Cristiana de Adultos) adaptado para ni\u00f1os y j\u00f3venes<\/strong><\/p>\n<p>Este programa es para j\u00f3venes de 7 a 17 a\u00f1os que a\u00fan no han sido bautizados y desean convertirse en cat\u00f3licos.<\/p>\n<p>El programa ser\u00e1 los S\u00c1BADOS de 2 a 4 pm e incluir\u00e1 preparaci\u00f3n para el Bautismo, Confirmaci\u00f3n y Primera Comuni\u00f3n.<\/p>\n<p>Llame a LeeAnn o Alicia en la oficina parroquial para obtener m\u00e1s informaci\u00f3n.<\/p>\n<p>[\/et_pb_text][et_pb_text _builder_version=&#8221;4.16&#8243; _module_preset=&#8221;default&#8221; global_colors_info=&#8221;{}&#8221;]<\/p>\n<h1 style=\"text-align: center;\"><span style=\"font-size: xx-large;\">Contact: OCIA for Children &amp; Youth, <\/span>Angel &amp; Emilia Herrera,<\/h1>\n<h1 style=\"text-align: center;\">425-374-9067\u00a0 or\u00a0herrerafamily20010@gmail.com<\/h1>\n<p>[\/et_pb_text][\/et_pb_column][et_pb_column type=&#8221;1_2&#8243; _builder_version=&#8221;4.16&#8243; _module_preset=&#8221;default&#8221; global_colors_info=&#8221;{}&#8221;][et_pb_image src=&#8221;https:\/\/hccclakestevens.org\/wp-content\/uploads\/2024\/06\/Angel-and-Emilia.jpg&#8221; title_text=&#8221;Angel and Emilia&#8221; _builder_version=&#8221;4.16&#8243; _module_preset=&#8221;default&#8221; global_colors_info=&#8221;{}&#8221;][\/et_pb_image][\/et_pb_column][\/et_pb_row][\/et_pb_section]<\/p>\n","protected":false},"excerpt":{"rendered":"<p>OCIA: Order of Christian Initiation of Adults The Order of Christian Initiation of Adults (OCIA) is a process of initiation into the Roman Catholic Community of Faith. This is for persons who are seeking baptism in the Catholic Church. It is also for those already baptized in another Christian Tradition who are seeking full communion [&hellip;]<\/p>\n","protected":false},"author":2,"featured_media":0,"parent":0,"menu_order":0,"comment_status":"open","ping_status":"open","template":"","meta":{"_et_pb_use_builder":"on","_et_pb_old_content":"","_et_gb_content_width":"","footnotes":""},"class_list":["post-105","page","type-page","status-publish","hentry"],"_links":{"self":[{"href":"https:\/\/hccclakestevens.org\/index.php\/wp-json\/wp\/v2\/pages\/105","targetHints":{"allow":["GET"]}}],"collection":[{"href":"https:\/\/hccclakestevens.org\/index.php\/wp-json\/wp\/v2\/pages"}],"about":[{"href":"https:\/\/hccclakestevens.org\/index.php\/wp-json\/wp\/v2\/types\/page"}],"author":[{"embeddable":true,"href":"https:\/\/hccclakestevens.org\/index.php\/wp-json\/wp\/v2\/users\/2"}],"replies":[{"embeddable":true,"href":"https:\/\/hccclakestevens.org\/index.php\/wp-json\/wp\/v2\/comments?post=105"}],"version-history":[{"count":42,"href":"https:\/\/hccclakestevens.org\/index.php\/wp-json\/wp\/v2\/pages\/105\/revisions"}],"predecessor-version":[{"id":6761,"href":"https:\/\/hccclakestevens.org\/index.php\/wp-json\/wp\/v2\/pages\/105\/revisions\/6761"}],"wp:attachment":[{"href":"https:\/\/hccclakestevens.org\/index.php\/wp-json\/wp\/v2\/media?parent=105"}],"curies":[{"name":"wp","href":"https:\/\/api.w.org\/{rel}","templated":true}]}}