{"id":103,"date":"2015-07-26T13:11:00","date_gmt":"2015-07-26T13:11:00","guid":{"rendered":"http:\/\/66.42.78.89\/?page_id=103"},"modified":"2026-03-19T20:21:09","modified_gmt":"2026-03-19T20:21:09","slug":"spanish","status":"publish","type":"page","link":"https:\/\/hccclakestevens.org\/index.php\/spanish\/","title":{"rendered":"Spanish"},"content":{"rendered":"<p>[et_pb_section fb_built=&#8221;1&#8243; _builder_version=&#8221;4.16&#8243; global_colors_info=&#8221;{}&#8221;][et_pb_row _builder_version=&#8221;4.16&#8243; background_size=&#8221;initial&#8221; background_position=&#8221;top_left&#8221; background_repeat=&#8221;repeat&#8221; custom_margin=&#8221;|395px||auto||&#8221; global_colors_info=&#8221;{}&#8221;][et_pb_column type=&#8221;4_4&#8243; _builder_version=&#8221;4.16&#8243; custom_padding=&#8221;|||&#8221; global_colors_info=&#8221;{}&#8221; custom_padding__hover=&#8221;|||&#8221;][et_pb_image src=&#8221;http:\/\/66.42.78.89\/wp-content\/uploads\/2015\/07\/Spanish1.jpg&#8221; align=&#8221;center&#8221; align_tablet=&#8221;center&#8221; align_phone=&#8221;&#8221; align_last_edited=&#8221;on|tablet&#8221; _builder_version=&#8221;4.27.4&#8243; animation_direction=&#8221;left&#8221; animation=&#8221;left&#8221; sticky=&#8221;off&#8221; use_border_color=&#8221;off&#8221; border_color=&#8221;#ffffff&#8221; border_style=&#8221;solid&#8221; always_center_on_mobile=&#8221;on&#8221; global_colors_info=&#8221;{}&#8221;][\/et_pb_image][et_pb_text _builder_version=&#8221;4.27.4&#8243; background_size=&#8221;initial&#8221; background_position=&#8221;top_left&#8221; background_repeat=&#8221;repeat&#8221; use_border_color=&#8221;off&#8221; inline_fonts=&#8221;Arial&#8221; global_colors_info=&#8221;{}&#8221;]<\/p>\n<h1 style=\"text-align: center;\"><span style=\"color: #993300;\"><em>La Iglesia de La Santa Cruz da la bienvenida a todos aquellos que quieran pertenecer a nuestra gran y activa Comunidad Hispana<\/em><\/span><\/h1>\n<h2 style=\"text-align: center;\"><strong><span style=\"color: #993300; font-family: Arial; font-size: x-large;\"><\/span><\/strong><\/h2>\n<h2 style=\"text-align: center;\"><strong><span style=\"color: #993300; font-family: Arial; font-size: x-large;\"><\/span><\/strong><\/h2>\n<h2 style=\"text-align: center;\"><strong><span style=\"color: #993300; font-family: Arial; font-size: x-large;\">Las misas en espa\u00f1ol son los domingos<\/span><\/strong><\/h2>\n<h2 style=\"text-align: center;\"><strong><span style=\"font-size: x-large; color: #993300; font-family: Arial;\">a las 8:00 am y 11:00 am<\/span><\/strong><\/h2>\n<p><strong><span style=\"font-size: x-large; color: #993300; font-family: Arial;\"><\/span><\/strong><\/p>\n<h2 style=\"text-align: center;\"><span style=\"color: #993300;\"><strong><\/strong><\/span><\/h2>\n<h2 style=\"text-align: center;\"><span style=\"color: #993300;\"><strong><\/strong><\/span><\/h2>\n<h2 style=\"text-align: center;\"><span style=\"color: #993300;\"><strong><\/strong><\/span><\/h2>\n<h2 style=\"text-align: center;\"><span style=\"color: #993300;\"><strong>El grupo de oraci\u00f3n <\/strong><\/span><\/h2>\n<h2 style=\"text-align: center;\"><span style=\"color: #993300;\">se re\u00fane todos los viernes a las 7:00 PM en el Sal\u00f3n Santa Teresa. Los nuevos participantes siempre son bienvenidos.<\/span><\/h2>\n<p>&nbsp;<\/p>\n<h3 style=\"text-align: center;\"><strong><span style=\"color: #993300; font-family: Arial; font-size: x-large;\"><\/span><\/strong><\/h3>\n<h3 style=\"text-align: center;\"><strong><span style=\"color: #993300; font-family: Arial; font-size: x-large;\"><\/span><\/strong><\/h3>\n<h3 style=\"text-align: center;\"><strong><span style=\"color: #993300; font-family: Arial; font-size: x-large;\">Asistencia: <\/span><\/strong><strong><span style=\"color: #993300; font-family: Arial; font-size: x-large;\">Alicia Ramirez<\/span><\/strong><\/h3>\n<h3 style=\"text-align: center;\"><strong><span style=\"font-family: Arial; color: #993300; font-size: x-large;\"><a href=\"mailto:admin@hccclakestevens.org\">admin@hccclakestevens.org<\/a><\/span><\/strong><\/h3>\n<p><strong><span style=\"font-family: Arial; color: #993300; font-size: x-large;\"><\/span><\/strong><\/p>\n<p><strong><span style=\"font-family: Arial; color: #993300; font-size: x-large;\"><\/span><\/strong><\/p>\n<h3 style=\"text-align: center;\"><span style=\"font-size: x-large; font-family: Arial; color: #993300; font-weight: normal;\"><em><\/em><\/span><\/h3>\n<h3 style=\"text-align: center;\"><span style=\"text-decoration: underline;\"><span style=\"font-size: x-large; font-family: Arial; color: #993300; font-weight: normal; text-decoration: underline;\"><a href=\"https:\/\/hccclakestevens.org\/wp-content\/uploads\/2023\/05\/SP-Parish-Registracion-2023.pdf\" style=\"color: #993300; text-decoration: underline;\">Registrarse en la parroquia<\/a><\/span><\/span><\/h3>\n<h3 style=\"text-align: center;\"><span style=\"text-decoration: underline;\"><span style=\"color: #993300; font-family: Arial; font-weight: normal; font-size: x-large; text-decoration: underline;\"><a href=\"http:\/\/66.42.78.89\/index.php\/children\/\" style=\"color: #993300; text-decoration: underline;\">Registrarse de Primera Comunion<\/a><\/span><\/span><\/h3>\n<h3 style=\"text-align: center;\"><span style=\"text-decoration: underline;\"><span style=\"color: #993300; font-family: Arial; font-weight: normal; font-size: x-large; text-decoration: underline;\"><a href=\"http:\/\/66.42.78.89\/index.php\/youth-confirmation\/\" style=\"color: #993300; text-decoration: underline;\">Registrarse de Confirmacion<\/a><\/span><\/span><\/h3>\n<h3 style=\"text-align: center;\"><span style=\"color: #993300;\"><span style=\"text-decoration: underline;\"><span style=\"font-family: Arial; font-weight: normal; font-size: x-large;\"><a href=\"http:\/\/66.42.78.89\/index.php\/adult-confirmation\/\" style=\"color: #993300; text-decoration: underline;\">Registrarse de preparacion sacramental de adultos<\/a><\/span><\/span><span style=\"text-decoration: underline; font-size: large;\"><strong><\/strong><\/span><\/span><\/h3>\n<h3 style=\"text-align: center;\"><span style=\"color: #993300;\"><em><\/em><\/span><\/h3>\n<p style=\"text-align: center;\"><span style=\"font-size: 12pt; font-family: helvetica, arial, sans-serif; color: #993300;\"><em><strong><\/strong><\/em><\/span><\/p>\n<p>[\/et_pb_text][\/et_pb_column][\/et_pb_row][et_pb_row column_structure=&#8221;1_5,1_5,1_5,1_5,1_5&#8243; _builder_version=&#8221;4.27.4&#8243; _module_preset=&#8221;default&#8221; global_colors_info=&#8221;{}&#8221;][et_pb_column type=&#8221;1_5&#8243; _builder_version=&#8221;4.27.4&#8243; _module_preset=&#8221;default&#8221; global_colors_info=&#8221;{}&#8221;][et_pb_image src=&#8221;https:\/\/hccclakestevens.org\/wp-content\/uploads\/2026\/03\/Lidia-y-Roy-2022.jpg&#8221; title_text=&#8221;Lidia y Roy 2022&#8243; _builder_version=&#8221;4.27.4&#8243; _module_preset=&#8221;default&#8221; global_colors_info=&#8221;{}&#8221;][\/et_pb_image][\/et_pb_column][et_pb_column type=&#8221;1_5&#8243; _builder_version=&#8221;4.27.4&#8243; _module_preset=&#8221;default&#8221; global_colors_info=&#8221;{}&#8221;][et_pb_image src=&#8221;https:\/\/hccclakestevens.org\/wp-content\/uploads\/2026\/03\/Boda-Marco-y-Julia-2022.jpg&#8221; title_text=&#8221;Boda Marco y Julia 2022&#8243; _builder_version=&#8221;4.27.4&#8243; _module_preset=&#8221;default&#8221; global_colors_info=&#8221;{}&#8221;][\/et_pb_image][\/et_pb_column][et_pb_column type=&#8221;1_5&#8243; _builder_version=&#8221;4.27.4&#8243; _module_preset=&#8221;default&#8221; global_colors_info=&#8221;{}&#8221;][et_pb_image src=&#8221;https:\/\/hccclakestevens.org\/wp-content\/uploads\/2026\/03\/Artemio-y-Lorena-Boda-2022.jpg&#8221; title_text=&#8221;Artemio y Lorena Boda 2022&#8243; _builder_version=&#8221;4.27.4&#8243; _module_preset=&#8221;default&#8221; global_colors_info=&#8221;{}&#8221;][\/et_pb_image][\/et_pb_column][et_pb_column type=&#8221;1_5&#8243; _builder_version=&#8221;4.27.4&#8243; _module_preset=&#8221;default&#8221; global_colors_info=&#8221;{}&#8221;][et_pb_image src=&#8221;https:\/\/hccclakestevens.org\/wp-content\/uploads\/2026\/03\/Jessica-y-Jose-2022.jpg&#8221; title_text=&#8221;Jessica y Jose 2022&#8243; _builder_version=&#8221;4.27.4&#8243; _module_preset=&#8221;default&#8221; global_colors_info=&#8221;{}&#8221;][\/et_pb_image][\/et_pb_column][et_pb_column type=&#8221;1_5&#8243; _builder_version=&#8221;4.27.4&#8243; _module_preset=&#8221;default&#8221; global_colors_info=&#8221;{}&#8221;][et_pb_image src=&#8221;https:\/\/hccclakestevens.org\/wp-content\/uploads\/2026\/03\/Lety-y-Luis-2022.jpg&#8221; title_text=&#8221;Lety y Luis 2022&#8243; _builder_version=&#8221;4.27.4&#8243; _module_preset=&#8221;default&#8221; global_colors_info=&#8221;{}&#8221;][\/et_pb_image][\/et_pb_column][\/et_pb_row][et_pb_row column_structure=&#8221;1_4,1_4,1_4,1_4&#8243; _builder_version=&#8221;4.27.4&#8243; _module_preset=&#8221;default&#8221; global_colors_info=&#8221;{}&#8221;][et_pb_column type=&#8221;1_4&#8243; _builder_version=&#8221;4.27.4&#8243; _module_preset=&#8221;default&#8221; global_colors_info=&#8221;{}&#8221;][et_pb_image src=&#8221;https:\/\/hccclakestevens.org\/wp-content\/uploads\/2026\/03\/Jesus-y-Maria-Boda-2022.jpg&#8221; title_text=&#8221;Jesus y Maria Boda 2022&#8243; _builder_version=&#8221;4.27.4&#8243; _module_preset=&#8221;default&#8221; global_colors_info=&#8221;{}&#8221;][\/et_pb_image][\/et_pb_column][et_pb_column type=&#8221;1_4&#8243; _builder_version=&#8221;4.27.4&#8243; _module_preset=&#8221;default&#8221; global_colors_info=&#8221;{}&#8221;][et_pb_image src=&#8221;https:\/\/hccclakestevens.org\/wp-content\/uploads\/2026\/03\/Hector-y-Maria-Boda-2022.jpg&#8221; title_text=&#8221;Hector y Maria Boda 2022&#8243; _builder_version=&#8221;4.27.4&#8243; _module_preset=&#8221;default&#8221; global_colors_info=&#8221;{}&#8221;][\/et_pb_image][\/et_pb_column][et_pb_column type=&#8221;1_4&#8243; _builder_version=&#8221;4.27.4&#8243; _module_preset=&#8221;default&#8221; global_colors_info=&#8221;{}&#8221;][et_pb_image src=&#8221;https:\/\/hccclakestevens.org\/wp-content\/uploads\/2026\/03\/Boda-David-y-Aide.jpg&#8221; title_text=&#8221;Boda David y Aide&#8221; _builder_version=&#8221;4.27.4&#8243; _module_preset=&#8221;default&#8221; global_colors_info=&#8221;{}&#8221;][\/et_pb_image][\/et_pb_column][et_pb_column type=&#8221;1_4&#8243; _builder_version=&#8221;4.27.4&#8243; _module_preset=&#8221;default&#8221; global_colors_info=&#8221;{}&#8221;][et_pb_image src=&#8221;https:\/\/hccclakestevens.org\/wp-content\/uploads\/2026\/03\/Beto-y-Lizzie-Boda-2022.jpg&#8221; title_text=&#8221;Beto y Lizzie Boda 2022&#8243; _builder_version=&#8221;4.27.4&#8243; _module_preset=&#8221;default&#8221; global_colors_info=&#8221;{}&#8221;][\/et_pb_image][\/et_pb_column][\/et_pb_row][\/et_pb_section]<\/p>\n","protected":false},"excerpt":{"rendered":"<p>La Iglesia de La Santa Cruz da la bienvenida a todos aquellos que quieran pertenecer a nuestra gran y activa Comunidad Hispana Las misas en espa\u00f1ol son los domingos a las 8:00 am y 11:00 am El grupo de oraci\u00f3n se re\u00fane todos los viernes a las 7:00 PM en el Sal\u00f3n Santa Teresa. Los [&hellip;]<\/p>\n","protected":false},"author":2,"featured_media":0,"parent":0,"menu_order":0,"comment_status":"open","ping_status":"open","template":"","meta":{"_et_pb_use_builder":"on","_et_pb_old_content":"","_et_gb_content_width":"","footnotes":""},"class_list":["post-103","page","type-page","status-publish","hentry"],"_links":{"self":[{"href":"https:\/\/hccclakestevens.org\/index.php\/wp-json\/wp\/v2\/pages\/103","targetHints":{"allow":["GET"]}}],"collection":[{"href":"https:\/\/hccclakestevens.org\/index.php\/wp-json\/wp\/v2\/pages"}],"about":[{"href":"https:\/\/hccclakestevens.org\/index.php\/wp-json\/wp\/v2\/types\/page"}],"author":[{"embeddable":true,"href":"https:\/\/hccclakestevens.org\/index.php\/wp-json\/wp\/v2\/users\/2"}],"replies":[{"embeddable":true,"href":"https:\/\/hccclakestevens.org\/index.php\/wp-json\/wp\/v2\/comments?post=103"}],"version-history":[{"count":126,"href":"https:\/\/hccclakestevens.org\/index.php\/wp-json\/wp\/v2\/pages\/103\/revisions"}],"predecessor-version":[{"id":6716,"href":"https:\/\/hccclakestevens.org\/index.php\/wp-json\/wp\/v2\/pages\/103\/revisions\/6716"}],"wp:attachment":[{"href":"https:\/\/hccclakestevens.org\/index.php\/wp-json\/wp\/v2\/media?parent=103"}],"curies":[{"name":"wp","href":"https:\/\/api.w.org\/{rel}","templated":true}]}}